{"id":29,"date":"2021-11-27T22:40:19","date_gmt":"2021-11-27T22:40:19","guid":{"rendered":"https:\/\/plumber-gp.wordifysites.com\/?page_id=29"},"modified":"2025-11-09T01:53:39","modified_gmt":"2025-11-09T01:53:39","slug":"uber-uns","status":"publish","type":"page","link":"https:\/\/beuler-helmstedt.de\/index.php\/uber-uns\/","title":{"rendered":"\u00dcber uns"},"content":{"rendered":"<div class=\"gb-container gb-container-beuler-ueber-uns gb-container gb-container-beuler-ueber-uns alignwide\"><div class=\"gb-inside-container\">\n\n<h2 class=\"gb-headline gb-headline-ueber-uns-title gb-headline-text\">\u00dcber uns<\/h2>\n\n\n\n<p><p style=\"text-align:center; font-size:16px; line-height:1.8; max-width:800px; margin:auto;\">\n    Beuler Helmstedt steht seit \u00fcber 25 Jahren f\u00fcr h\u00f6chste Qualit\u00e4t in der professionellen Ausbeultechnik. Unser Schwerpunkt liegt auf der schnellen, sauberen und lackschonenden Beseitigung von Beulen, Dellen und Hagelsch\u00e4den \u2013 ganz ohne Nachlackieren oder Austausch von Teilen.\n  <\/p><\/p>\n\n\n\n<p><p style=\"text-align:center; font-size:16px; line-height:1.8; max-width:800px; margin:auto; margin-top:30px;\">\n    Mit einem mobilen Service in Wolfsburg, Magdeburg und Umgebung bieten wir flexible L\u00f6sungen f\u00fcr Privat- und Gesch\u00e4ftskunden. Unsere Arbeit zeichnet sich durch Pr\u00e4zision, Zuverl\u00e4ssigkeit und ehrliche Beratung aus. Auch au\u00dferhalb regul\u00e4rer Gesch\u00e4ftszeiten \u2013 abends und an Wochenenden \u2013 sind wir f\u00fcr unsere Kunden da.\n  <\/p><\/p>\n\n\n\n<p><p style=\"text-align:center; font-size:16px; line-height:1.8; max-width:800px; margin:auto; margin-top:30px;\">\n    Unser Ziel ist es, besch\u00e4digte Fahrzeugoberfl\u00e4chen fachgerecht und effizient instand zu setzen, damit Sie schnell und sorgenfrei wieder unterwegs sind.\n  <\/p><\/p>\n\n<\/div><\/div>","protected":false},"excerpt":{"rendered":"<p>\u00dcber uns Beuler Helmstedt steht seit \u00fcber 25 Jahren f\u00fcr h\u00f6chste Qualit\u00e4t in der professionellen Ausbeultechnik. Unser Schwerpunkt liegt auf der schnellen, sauberen und lackschonenden Beseitigung von Beulen, Dellen und Hagelsch\u00e4den \u2013 ganz ohne Nachlackieren oder Austausch von Teilen. Mit einem mobilen Service in Wolfsburg, Magdeburg und Umgebung bieten wir flexible L\u00f6sungen f\u00fcr Privat- und &#8230; <a title=\"\u00dcber uns\" class=\"read-more\" href=\"https:\/\/beuler-helmstedt.de\/index.php\/uber-uns\/\" aria-label=\"Mehr zu \u00dcber uns\">Weiterlesen &#8230;<\/a><\/p>\n","protected":false},"author":1,"featured_media":0,"parent":0,"menu_order":0,"comment_status":"closed","ping_status":"closed","template":"","meta":{"footnotes":""},"class_list":{"0":"post-29","1":"page","2":"type-page","3":"status-publish","5":"no-featured-image-padding"},"yoast_head":"<!-- This site is optimized with the Yoast SEO plugin v27.4 - https:\/\/yoast.com\/product\/yoast-seo-wordpress\/ -->\n<title>\u00dcber uns - Beuler Helmstedt<\/title>\n<meta name=\"robots\" content=\"index, follow, max-snippet:-1, max-image-preview:large, max-video-preview:-1\" \/>\n<link rel=\"canonical\" href=\"https:\/\/beuler-helmstedt.de\/index.php\/uber-uns\/\" \/>\n<meta property=\"og:locale\" content=\"de_DE\" \/>\n<meta property=\"og:type\" content=\"article\" \/>\n<meta property=\"og:title\" content=\"\u00dcber uns - Beuler Helmstedt\" \/>\n<meta property=\"og:description\" content=\"\u00dcber uns Beuler Helmstedt steht seit \u00fcber 25 Jahren f\u00fcr h\u00f6chste Qualit\u00e4t in der professionellen Ausbeultechnik. Unser Schwerpunkt liegt auf der schnellen, sauberen und lackschonenden Beseitigung von Beulen, Dellen und Hagelsch\u00e4den \u2013 ganz ohne Nachlackieren oder Austausch von Teilen. Mit einem mobilen Service in Wolfsburg, Magdeburg und Umgebung bieten wir flexible L\u00f6sungen f\u00fcr Privat- und ... Weiterlesen ...\" \/>\n<meta property=\"og:url\" content=\"https:\/\/beuler-helmstedt.de\/index.php\/uber-uns\/\" \/>\n<meta property=\"og:site_name\" content=\"Beuler Helmstedt\" \/>\n<meta property=\"article:modified_time\" content=\"2025-11-09T01:53:39+00:00\" \/>\n<meta name=\"twitter:card\" content=\"summary_large_image\" \/>\n<meta name=\"twitter:label1\" content=\"Gesch\u00e4tzte Lesezeit\" \/>\n\t<meta name=\"twitter:data1\" content=\"1\u00a0Minute\" \/>\n<script type=\"application\/ld+json\" class=\"yoast-schema-graph\">{\"@context\":\"https:\\\/\\\/schema.org\",\"@graph\":[{\"@type\":\"WebPage\",\"@id\":\"https:\\\/\\\/beuler-helmstedt.de\\\/index.php\\\/uber-uns\\\/\",\"url\":\"https:\\\/\\\/beuler-helmstedt.de\\\/index.php\\\/uber-uns\\\/\",\"name\":\"\u00dcber uns - Beuler Helmstedt\",\"isPartOf\":{\"@id\":\"https:\\\/\\\/beuler-helmstedt.de\\\/#website\"},\"datePublished\":\"2021-11-27T22:40:19+00:00\",\"dateModified\":\"2025-11-09T01:53:39+00:00\",\"breadcrumb\":{\"@id\":\"https:\\\/\\\/beuler-helmstedt.de\\\/index.php\\\/uber-uns\\\/#breadcrumb\"},\"inLanguage\":\"de\",\"potentialAction\":[{\"@type\":\"ReadAction\",\"target\":[\"https:\\\/\\\/beuler-helmstedt.de\\\/index.php\\\/uber-uns\\\/\"]}]},{\"@type\":\"BreadcrumbList\",\"@id\":\"https:\\\/\\\/beuler-helmstedt.de\\\/index.php\\\/uber-uns\\\/#breadcrumb\",\"itemListElement\":[{\"@type\":\"ListItem\",\"position\":1,\"name\":\"Startseite\",\"item\":\"https:\\\/\\\/beuler-helmstedt.de\\\/\"},{\"@type\":\"ListItem\",\"position\":2,\"name\":\"\u00dcber uns\"}]},{\"@type\":\"WebSite\",\"@id\":\"https:\\\/\\\/beuler-helmstedt.de\\\/#website\",\"url\":\"https:\\\/\\\/beuler-helmstedt.de\\\/\",\"name\":\"Beuler Helmstedt\",\"description\":\"Beule weg und gut...!\",\"potentialAction\":[{\"@type\":\"SearchAction\",\"target\":{\"@type\":\"EntryPoint\",\"urlTemplate\":\"https:\\\/\\\/beuler-helmstedt.de\\\/?s={search_term_string}\"},\"query-input\":{\"@type\":\"PropertyValueSpecification\",\"valueRequired\":true,\"valueName\":\"search_term_string\"}}],\"inLanguage\":\"de\"}]}<\/script>\n<!-- \/ Yoast SEO plugin. -->","yoast_head_json":{"title":"\u00dcber uns - Beuler Helmstedt","robots":{"index":"index","follow":"follow","max-snippet":"max-snippet:-1","max-image-preview":"max-image-preview:large","max-video-preview":"max-video-preview:-1"},"canonical":"https:\/\/beuler-helmstedt.de\/index.php\/uber-uns\/","og_locale":"de_DE","og_type":"article","og_title":"\u00dcber uns - Beuler Helmstedt","og_description":"\u00dcber uns Beuler Helmstedt steht seit \u00fcber 25 Jahren f\u00fcr h\u00f6chste Qualit\u00e4t in der professionellen Ausbeultechnik. Unser Schwerpunkt liegt auf der schnellen, sauberen und lackschonenden Beseitigung von Beulen, Dellen und Hagelsch\u00e4den \u2013 ganz ohne Nachlackieren oder Austausch von Teilen. Mit einem mobilen Service in Wolfsburg, Magdeburg und Umgebung bieten wir flexible L\u00f6sungen f\u00fcr Privat- und ... Weiterlesen ...","og_url":"https:\/\/beuler-helmstedt.de\/index.php\/uber-uns\/","og_site_name":"Beuler Helmstedt","article_modified_time":"2025-11-09T01:53:39+00:00","twitter_card":"summary_large_image","twitter_misc":{"Gesch\u00e4tzte Lesezeit":"1\u00a0Minute"},"schema":{"@context":"https:\/\/schema.org","@graph":[{"@type":"WebPage","@id":"https:\/\/beuler-helmstedt.de\/index.php\/uber-uns\/","url":"https:\/\/beuler-helmstedt.de\/index.php\/uber-uns\/","name":"\u00dcber uns - Beuler Helmstedt","isPartOf":{"@id":"https:\/\/beuler-helmstedt.de\/#website"},"datePublished":"2021-11-27T22:40:19+00:00","dateModified":"2025-11-09T01:53:39+00:00","breadcrumb":{"@id":"https:\/\/beuler-helmstedt.de\/index.php\/uber-uns\/#breadcrumb"},"inLanguage":"de","potentialAction":[{"@type":"ReadAction","target":["https:\/\/beuler-helmstedt.de\/index.php\/uber-uns\/"]}]},{"@type":"BreadcrumbList","@id":"https:\/\/beuler-helmstedt.de\/index.php\/uber-uns\/#breadcrumb","itemListElement":[{"@type":"ListItem","position":1,"name":"Startseite","item":"https:\/\/beuler-helmstedt.de\/"},{"@type":"ListItem","position":2,"name":"\u00dcber uns"}]},{"@type":"WebSite","@id":"https:\/\/beuler-helmstedt.de\/#website","url":"https:\/\/beuler-helmstedt.de\/","name":"Beuler Helmstedt","description":"Beule weg und gut...!","potentialAction":[{"@type":"SearchAction","target":{"@type":"EntryPoint","urlTemplate":"https:\/\/beuler-helmstedt.de\/?s={search_term_string}"},"query-input":{"@type":"PropertyValueSpecification","valueRequired":true,"valueName":"search_term_string"}}],"inLanguage":"de"}]}},"_links":{"self":[{"href":"https:\/\/beuler-helmstedt.de\/index.php\/wp-json\/wp\/v2\/pages\/29","targetHints":{"allow":["GET"]}}],"collection":[{"href":"https:\/\/beuler-helmstedt.de\/index.php\/wp-json\/wp\/v2\/pages"}],"about":[{"href":"https:\/\/beuler-helmstedt.de\/index.php\/wp-json\/wp\/v2\/types\/page"}],"author":[{"embeddable":true,"href":"https:\/\/beuler-helmstedt.de\/index.php\/wp-json\/wp\/v2\/users\/1"}],"replies":[{"embeddable":true,"href":"https:\/\/beuler-helmstedt.de\/index.php\/wp-json\/wp\/v2\/comments?post=29"}],"version-history":[{"count":12,"href":"https:\/\/beuler-helmstedt.de\/index.php\/wp-json\/wp\/v2\/pages\/29\/revisions"}],"predecessor-version":[{"id":3072,"href":"https:\/\/beuler-helmstedt.de\/index.php\/wp-json\/wp\/v2\/pages\/29\/revisions\/3072"}],"wp:attachment":[{"href":"https:\/\/beuler-helmstedt.de\/index.php\/wp-json\/wp\/v2\/media?parent=29"}],"curies":[{"name":"wp","href":"https:\/\/api.w.org\/{rel}","templated":true}]}}